{"id":54,"date":"2022-08-11T16:41:59","date_gmt":"2022-08-11T16:41:59","guid":{"rendered":"https:\/\/mislolas.com\/web2\/?page_id=54"},"modified":"2024-03-07T00:05:27","modified_gmt":"2024-03-07T00:05:27","slug":"cara-y-cuello","status":"publish","type":"page","link":"https:\/\/mislolas.com\/web2\/cara-y-cuello\/","title":{"rendered":"Cara y Cuello"},"content":{"rendered":"\t\t<div data-elementor-type=\"wp-page\" data-elementor-id=\"54\" class=\"elementor elementor-54\" data-elementor-settings=\"{&quot;ha_cmc_init_switcher&quot;:&quot;no&quot;}\" data-elementor-post-type=\"page\">\n\t\t\t\t\t\t<section class=\"elementor-section elementor-top-section elementor-element elementor-element-7616f7b9 elementor-section-boxed elementor-section-height-default elementor-section-height-default\" data-id=\"7616f7b9\" data-element_type=\"section\" data-e-type=\"section\" data-settings=\"{&quot;background_background&quot;:&quot;classic&quot;,&quot;_ha_eqh_enable&quot;:false}\">\n\t\t\t\t\t\t<div class=\"elementor-container elementor-column-gap-default\">\n\t\t\t\t\t<div class=\"elementor-column elementor-col-100 elementor-top-column elementor-element elementor-element-f8f1947\" data-id=\"f8f1947\" data-element_type=\"column\" data-e-type=\"column\">\n\t\t\t<div class=\"elementor-widget-wrap elementor-element-populated\">\n\t\t\t\t\t\t<div class=\"elementor-element elementor-element-7d7cfba3 elementor-widget elementor-widget-text-editor\" data-id=\"7d7cfba3\" data-element_type=\"widget\" data-e-type=\"widget\" data-widget_type=\"text-editor.default\">\n\t\t\t\t<div class=\"elementor-widget-container\">\n\t\t\t\t\t\t\t\t\t<h2>Cara y Cuello<\/h2><ul><li>Blefaroplastia<\/li><li>Ritidectom\u00eda<\/li><li>Dermoabrasi\u00f3n<\/li><li>Toxina botul\u00ednica\u00a0 (botox)<\/li><li>L\u00edneas de expresi\u00f3n<\/li><li>Hiperhidrosis<\/li><li>Sonrisa gingiva<\/li><li>Laser de erbio<\/li><\/ul><p>.<\/p><p style=\"text-align: justify;\">En el tratamiento est\u00e9tico, la cara es la zona mas delicada de recibir tratamiento y la raz\u00f3n es evidente, es nuestra imagen y presentaci\u00f3n al mundo. El tratamiento de la cara consta de varios niveles y aunque es susceptible a ser realizado bajo anestesia local y sedaci\u00f3n, el tiempo operatorio es largo y muy delicado. El primer nivel lo constituye la frente, el segundo los ojos (parpados superior e inferior), el tercero lo constituye la cara propiamente dicha (cachetes y labios); esta incluida la nariz que recibe tratamiento aparte por su condici\u00f3n de tratamiento anat\u00f3mico y funcional juntos.<\/p><p style=\"text-align: justify;\">Una vez iniciado el tratamiento de la zona inferior de la cara, el cuello recibe tratamiento y es inimaginable los cambios que esta intervenci\u00f3n puede realizar en una persona. La intervenci\u00f3n recibe el nombre de ritidectom\u00eda, entre las partes que la constituye se le denomina a la intervenci\u00f3n de los parpados blefaroplastia.<\/p><p style=\"text-align: justify;\">Esta intervenci\u00f3n tiene la bondad de disminuir notablemente los efectos de la edad y la dieta en una persona, es recomendada en la cuarta d\u00e9cada y mejor efecto en la quinta o sexta d\u00e9cada de la vida.<\/p><p style=\"text-align: justify;\">Es muy usado para el tratamiento de cara y cuello la lipoinyecci\u00f3n y el uso de la toxina botul\u00ednica para las arrugas o pliegues de expresi\u00f3n<\/p><p style=\"text-align: justify;\">El periodo de recuperaci\u00f3n es 15 d\u00edas, totalmente ambulatorio y requiere de estudios o ex\u00e1menes m\u00e9dicos previos<\/p><p style=\"text-align: justify;\">El costo esta determinado por el nivel que desee el paciente tratar y se requiere de evaluaci\u00f3n por el cirujano est\u00e9tico antes de fijar los costos operatorios.<\/p><p style=\"text-align: justify;\">En la cara tambi\u00e9n es susceptible el tratamiento del acn\u00e9 juvenil o sus consecuencias, tambi\u00e9n las manchas de la cara producto del embarazo o de tratamientos con hormonas.<\/p><p style=\"text-align: justify;\">Toxina botul\u00ednica (botox).- es un producto de metabolismo bacteriano, clostridiun botulinum, que tienen acci\u00f3n farmacol\u00f3gica fascinante; debe ser aislada y clasificada, la toxina de uso en medicina son las a y b, sin embargo existen cinco tipos mas. Su acci\u00f3n consiste en bloquear la acci\u00f3n de un neurotransmisor acetilcolina, neurotransmisor encargado de la contracci\u00f3n del musculo liso y estriado. Una vez colocada en el cuerpo humano: esta toxina se una a los receptores de aceltilcolina bloquendole la entrada al neurotransmisor y de forma selectiva y reversible (en el tiempo \u2013 6 meses), permanece unido al receptor generando en esa secci\u00f3n muscular el bloqueo de la acci\u00f3n de ese musculo en particular. De esa manera, como todo musculo tiene un antagonista, si se bloquea un sector muscular que contrae el sector que relaja act\u00faa y desaparece la arruga, l\u00ednea de expresi\u00f3n o lesi\u00f3n que se quiera tratar con la toxina. Otra acci\u00f3n asociada es la modificaci\u00f3n de rasgos faciales tales como elevaci\u00f3n de la cejas, punta de la nariz entre otras.<\/p><p>\u00a0<\/p><p style=\"text-align: justify;\"><strong>1.- prevenci\u00f3n de arrugas.-\u00a0<\/strong> es probable que el evento mas importante de la medicina est\u00e9tica m\u00ednima invasiva, sea el uso de la toxina botul\u00ednica, desde el tratamiento de una peque\u00f1a regi\u00f3n hasta grandes zonas. Su acci\u00f3n se multiplica y perfecciona con el uso de sustrato como el acido hialur\u00f3nico: en combinaciones estos productos, y colocados en dosis especificas de micro inyecci\u00f3n. El efecto sobre la piel y el proceso de envejecimiento extr\u00ednseco es notorio y admirable. El envejecimiento extr\u00ednseco se produce fundamentalmente como consecuencia del foto da\u00f1o que afecta la dermis y produce arrugas est\u00e1ticas y l\u00edneas de expresi\u00f3n. Por otro lado; las m\u00edmicas y emociones afectan a las l\u00edneas del rostro y con la toxina se logran modificar y desaparecer en su totalidad estos rastros de afecci\u00f3n. Eso deja abierto su uso a personas de cualquier edad.<\/p><p>\u00a0<\/p><p style=\"text-align: justify;\"><strong>2.- hiperhidrosis.-<\/strong> excesiva sudoraci\u00f3n de manos pies y axilas y en consecuencia un problema de tipo social. Por mucho tiempo esa patolog\u00eda se desestimo y solo se ha comenzado a tratar con el advenimiento de la toxina botul\u00ednica, se produce por una falla del sistema nervioso aut\u00f3nomo, especialmente el simp\u00e1tico, originando mas sudor que lo\u00a0 que el cuerpo necesita para regular la temperatura corporal. El uso de la toxina, mejora radicalmente esta patolog\u00eda y el inconveniente que presenta es que es costoso y debe repetirse cada 6 meses. El tratamiento definitivo consiste en una simpatectom\u00eda trasntor\u00e1xica o lumbar.<\/p><p>\u00a0<\/p><p style=\"text-align: justify;\"><strong>3.- sonrisa gingival.-<\/strong> es la exposici\u00f3n excesiva de la enc\u00eda durante la sonrisa o la risa. Para quien lo padece, es un trastorno indeseable, incomodo esta asociada a una retracci\u00f3n del labio superior por un exceso de tracci\u00f3n del musculo elevador del labio superior y el ala de la nariz. Su tratamiento es combinado de cirug\u00eda y botox. En este caso la cirug\u00eda es en la primera oportunidad y luego sucesivamente hay que mantener el tratamiento con toxina para paralizar los m\u00fasculos involucrados.<\/p><p>\u00a0<\/p><p style=\"text-align: justify;\"><strong>Laser de erbio.-<\/strong><\/p><p style=\"text-align: justify;\"><strong>Beneficios del tratamiento con l\u00e1ser de erbio<\/strong><\/p><p style=\"text-align: justify;\">La administraci\u00f3n de drogas y alimentos (FDA) ha reconocido al rejuvenecimiento cut\u00e1neo con l\u00e1ser de erbio como seguro y eficaz para el tratamiento de l\u00edneas finas, estr\u00edas, lesiones descamativas,\u00a0 y arrugas moderadas. Los pacientes que se han sometido al rejuvenecimiento cut\u00e1neo con l\u00e1ser para mejorar su aspecto y aumentar la confianza en s\u00ed mismos, gozan ahora de una piel notablemente mejorada, m\u00e1s lisa y de aspecto m\u00e1s joven. Tambi\u00e9n se ha demostrado que el rejuvenecimiento cut\u00e1neo con l\u00e1ser de erbio estimula la producci\u00f3n de col\u00e1geno que, a su vez, suaviza y estira la piel.<\/p><p style=\"text-align: justify;\">Como todo l\u00e1ser, la versatilidad lo da la longitud de onda, en el caso de erbio l\u00e1ser los par\u00e1metros definidos en su onda como: energ\u00eda, frecuencia y duraci\u00f3n del pulso,\u00a0 asociado a su afinidad por el agua, permite un excelente resultado en el m\u00e1s amplio margen de seguridad. Su caracter\u00edstica principal radica en el control de penetraci\u00f3n que dispone el equipo, lo cual lo caracteriza como un estimulador del tejido conectivo (col\u00e1geno);\u00a0 realizando los dos\u00a0 efectos buscados: tensado de la piel y renovaci\u00f3n del col\u00e1geno.<\/p><p style=\"text-align: justify;\">Su gran afinidad por el agua garantiza que no penetre capas mas profundas de la piel generando da\u00f1os profundo y manteniendo un control superficial de los efectos buscados.<\/p><p>\u00a0<\/p><p style=\"text-align: justify;\"><strong>\u00bfC\u00f3mo act\u00faa el rejuvenecimiento con l\u00e1ser de erbio?<\/strong><\/p><p style=\"text-align: justify;\">El rejuvenecimiento cut\u00e1neo con l\u00e1ser de erbio hace una ablaci\u00f3n precisa de la epidermis (la capa m\u00e1s externa de la piel) y deja al descubierto la piel subyacente, m\u00e1s lisa y de aspecto m\u00e1s joven. Este procedimiento tambi\u00e9n activa el col\u00e1geno, de manera que se estimula el estiramiento de la piel. El tratamiento de rejuvenecimiento cut\u00e1neo con l\u00e1ser de erbio se realiza como procedimiento ambulatorio, con anestesia local no infiltrativa. Es el tratamiento de elecci\u00f3n para quienes desean lograr una mejor\u00eda trascendental en el aspecto de su piel. Este procedimiento elimina con \u00e9xito las l\u00edneas superficiales y las arrugas moderadamente profundas con menos dolor, menos efectos secundarios y una recuperaci\u00f3n m\u00e1s r\u00e1pida que otros tratamientos.<\/p><p style=\"text-align: justify;\">El l\u00e1ser de erbio constituye una opci\u00f3n de tratamiento m\u00e1s suave y menos invasiva que el l\u00e1ser de di\u00f3xido de carbono (co2). Con el l\u00e1ser de co2 pueden eliminarse capas m\u00e1s profundas de piel da\u00f1ada que con el l\u00e1ser de erbio. Sin embargo, el tratamiento con el l\u00e1ser de erbio ofrece una excelente alternativa para aquellas personas cuya piel no est\u00e1 tan da\u00f1ada o que, sencillamente, prefieren que la recuperaci\u00f3n tras el rejuvenecimiento cut\u00e1neo con l\u00e1ser sea m\u00e1s r\u00e1pida.<\/p><p>\u00a0<\/p><p style=\"text-align: justify;\"><strong>Candidatos para el rejuvenecimiento cut\u00e1neo con l\u00e1ser de erbio<\/strong><\/p><p style=\"text-align: justify;\">Son candidatos para el rejuvenecimiento cut\u00e1neo con l\u00e1ser de erbio aquellas personas que buscan corregir l\u00edneas finas y arrugas del rostro, cuello, espalda, pecho o manos. Estr\u00edas en general y en cualquier parte del cuerpo. Lesiones de piel, cicatrices en general y de acn\u00e9. En general, el tratamiento de rejuvenecimiento con l\u00e1ser de erbio es accesible para una gran variedad de personas que tengan como\u00a0 objetivo: verse m\u00e1s j\u00f3venes y renovados; sin embargo, sus expectativas deber\u00e1n ser realistas. Si bien el rejuvenecimiento cut\u00e1neo con l\u00e1ser de erbio proporciona resultados incre\u00edbles, ser\u00e1 necesario que el m\u00e9dico explique detalladamente cu\u00e1les son los resultados previstos y que el paciente los comprenda claramente.<\/p><p style=\"text-align: justify;\">Otro grupo de candidatos para el erbio l\u00e1ser son los pacientes que reciben o han recibido tratamiento de radiofrecuencia 3ra generaci\u00f3n como complemento de la acci\u00f3n de ambos equipos.<\/p><p>\u00a0<\/p><p style=\"text-align: justify;\"><strong>\u00bfes seguro el tratamiento con l\u00e1ser de erbio?<\/strong><\/p><p style=\"text-align: justify;\">Aun cuando el rejuvenecimiento cut\u00e1neo con l\u00e1ser de erbio ofrece un tratamiento altamente eficaz para las l\u00edneas finas y las arrugas, con un per\u00edodo de recuperaci\u00f3n m\u00e1s breve y menos efectos secundarios, quienes reciban el tratamiento deber\u00e1n estar preparados para que su piel se enrojezca o se torne rosada despu\u00e9s del procedimiento. Tambi\u00e9n puede haber inflamaci\u00f3n. Normalmente, el cirujano o m\u00e9dico tratante,\u00a0 le administrar\u00e1 medicaci\u00f3n e instrucciones detalladas para los cuidados posteriores, a fin de ayudarlo a sentirse menos molesto y para que la recuperaci\u00f3n resulte lo m\u00e1s beneficiosa posible.<\/p>\t\t\t\t\t\t\t\t<\/div>\n\t\t\t\t<\/div>\n\t\t\t\t\t<\/div>\n\t\t<\/div>\n\t\t\t\t\t<\/div>\n\t\t<\/section>\n\t\t\t\t<\/div>\n\t\t","protected":false},"excerpt":{"rendered":"<p>Cara y Cuello Blefaroplastia Ritidectom\u00eda Dermoabrasi\u00f3n Toxina botul\u00ednica\u00a0 (botox) L\u00edneas de expresi\u00f3n Hiperhidrosis Sonrisa gingiva Laser de erbio . En el tratamiento est\u00e9tico, la cara es la zona mas delicada de recibir tratamiento y la raz\u00f3n es evidente, es nuestra imagen y presentaci\u00f3n al mundo. El tratamiento de la cara consta de varios niveles y [&hellip;]<\/p>\n","protected":false},"author":1,"featured_media":0,"parent":0,"menu_order":0,"comment_status":"closed","ping_status":"open","template":"","meta":{"footnotes":""},"class_list":["post-54","page","type-page","status-publish","hentry"],"jetpack_sharing_enabled":true,"rttpg_featured_image_url":null,"rttpg_author":{"display_name":"admin","author_link":"https:\/\/mislolas.com\/web2\/author\/admin\/"},"rttpg_comment":1,"rttpg_category":null,"rttpg_excerpt":"Cara y Cuello Blefaroplastia Ritidectom\u00eda Dermoabrasi\u00f3n Toxina botul\u00ednica\u00a0 (botox) L\u00edneas de expresi\u00f3n Hiperhidrosis Sonrisa gingiva Laser de erbio . En el tratamiento est\u00e9tico, la cara es la zona mas delicada de recibir tratamiento y la raz\u00f3n es evidente, es nuestra imagen y presentaci\u00f3n al mundo. El tratamiento de la cara consta de varios niveles y&hellip;","_links":{"self":[{"href":"https:\/\/mislolas.com\/web2\/wp-json\/wp\/v2\/pages\/54","targetHints":{"allow":["GET"]}}],"collection":[{"href":"https:\/\/mislolas.com\/web2\/wp-json\/wp\/v2\/pages"}],"about":[{"href":"https:\/\/mislolas.com\/web2\/wp-json\/wp\/v2\/types\/page"}],"author":[{"embeddable":true,"href":"https:\/\/mislolas.com\/web2\/wp-json\/wp\/v2\/users\/1"}],"replies":[{"embeddable":true,"href":"https:\/\/mislolas.com\/web2\/wp-json\/wp\/v2\/comments?post=54"}],"version-history":[{"count":7,"href":"https:\/\/mislolas.com\/web2\/wp-json\/wp\/v2\/pages\/54\/revisions"}],"predecessor-version":[{"id":260,"href":"https:\/\/mislolas.com\/web2\/wp-json\/wp\/v2\/pages\/54\/revisions\/260"}],"wp:attachment":[{"href":"https:\/\/mislolas.com\/web2\/wp-json\/wp\/v2\/media?parent=54"}],"curies":[{"name":"wp","href":"https:\/\/api.w.org\/{rel}","templated":true}]}}