{"id":121,"date":"2022-08-11T17:19:31","date_gmt":"2022-08-11T17:19:31","guid":{"rendered":"https:\/\/mislolas.com\/web2\/?page_id=121"},"modified":"2024-03-07T00:02:24","modified_gmt":"2024-03-07T00:02:24","slug":"pies-y-manos","status":"publish","type":"page","link":"https:\/\/mislolas.com\/web2\/pies-y-manos\/","title":{"rendered":"Pies y Manos"},"content":{"rendered":"\t\t<div data-elementor-type=\"wp-page\" data-elementor-id=\"121\" class=\"elementor elementor-121\" data-elementor-settings=\"{&quot;ha_cmc_init_switcher&quot;:&quot;no&quot;}\" data-elementor-post-type=\"page\">\n\t\t\t\t\t\t<section class=\"elementor-section elementor-top-section elementor-element elementor-element-7eaf9436 elementor-section-boxed elementor-section-height-default elementor-section-height-default\" data-id=\"7eaf9436\" data-element_type=\"section\" data-e-type=\"section\" data-settings=\"{&quot;background_background&quot;:&quot;classic&quot;,&quot;_ha_eqh_enable&quot;:false}\">\n\t\t\t\t\t\t<div class=\"elementor-container elementor-column-gap-default\">\n\t\t\t\t\t<div class=\"elementor-column elementor-col-100 elementor-top-column elementor-element elementor-element-43f4a1b1\" data-id=\"43f4a1b1\" data-element_type=\"column\" data-e-type=\"column\">\n\t\t\t<div class=\"elementor-widget-wrap elementor-element-populated\">\n\t\t\t\t\t\t<div class=\"elementor-element elementor-element-18025196 elementor-widget elementor-widget-text-editor\" data-id=\"18025196\" data-element_type=\"widget\" data-e-type=\"widget\" data-widget_type=\"text-editor.default\">\n\t\t\t\t<div class=\"elementor-widget-container\">\n\t\t\t\t\t\t\t\t\t<h2 class=\"art-postheader\">Pies y Manos<\/h2><div class=\"art-postcontent art-postcontent-0 clearfix\"><p style=\"text-align: justify;\">Extremidades de importancia vital para comunicarnos y que tiene un poder oculto de sensualidad y belleza<\/p><p style=\"text-align: justify;\">las manos pueden tener m\u00faltiples lesiones de tipo osteomuscular que son tratadas con cirug\u00eda reconstructiva y est\u00e9tica; adem\u00e1s este tipo de tratamiento generalmente resuelve alg\u00fan problema funcional como es el s\u00edndrome de t\u00fanel del carpo, la enfermedad de Quervain etc. Para el tratamiento de manos disponemos de especialistas en cirug\u00eda de la mano con experiencia en cirug\u00eda reconstructiva<\/p><p style=\"text-align: justify;\">Para los pies nuestro tratamiento se orienta en reconstruir lesiones anat\u00f3micas. La mas frecuente y deformante es la denominada hallux valgus o los \u201cjuanetes\u201d esa deformidad horrible e incapacitante que deforma el pie y la pisada. Para tratarla disponemos de varios m\u00e9todos quir\u00fargicos siendo todos ambulatorios y este tratamiento es susceptible a indemnizaci\u00f3n por las compa\u00f1\u00edas de seguro, tambi\u00e9n tratamos con frecuencia una patolog\u00eda que produce mucho dolor al estar parado\u00a0\u00a0 y\u00a0 al caminar denominado espol\u00f3n calc\u00e1reo y es una protuberancia \u00f3sea que sale en la planta del pie.<\/p><p style=\"text-align: justify;\">Tambi\u00e9n tratamos los dedos en martillo que es un defecto del tend\u00f3n extensor del dedo del pie produciendo una deformidad caracter\u00edstica del \u201cdedo en martillo\u201d<\/p><\/div>\t\t\t\t\t\t\t\t<\/div>\n\t\t\t\t<\/div>\n\t\t\t\t\t<\/div>\n\t\t<\/div>\n\t\t\t\t\t<\/div>\n\t\t<\/section>\n\t\t\t\t<\/div>\n\t\t","protected":false},"excerpt":{"rendered":"<p>Pies y Manos Extremidades de importancia vital para comunicarnos y que tiene un poder oculto de sensualidad y belleza las manos pueden tener m\u00faltiples lesiones de tipo osteomuscular que son tratadas con cirug\u00eda reconstructiva y est\u00e9tica; adem\u00e1s este tipo de tratamiento generalmente resuelve alg\u00fan problema funcional como es el s\u00edndrome de t\u00fanel del carpo, la [&hellip;]<\/p>\n","protected":false},"author":1,"featured_media":0,"parent":0,"menu_order":0,"comment_status":"closed","ping_status":"closed","template":"","meta":{"footnotes":""},"class_list":["post-121","page","type-page","status-publish","hentry"],"jetpack_sharing_enabled":true,"rttpg_featured_image_url":null,"rttpg_author":{"display_name":"admin","author_link":"https:\/\/mislolas.com\/web2\/author\/admin\/"},"rttpg_comment":0,"rttpg_category":null,"rttpg_excerpt":"Pies y Manos Extremidades de importancia vital para comunicarnos y que tiene un poder oculto de sensualidad y belleza las manos pueden tener m\u00faltiples lesiones de tipo osteomuscular que son tratadas con cirug\u00eda reconstructiva y est\u00e9tica; adem\u00e1s este tipo de tratamiento generalmente resuelve alg\u00fan problema funcional como es el s\u00edndrome de t\u00fanel del carpo, la&hellip;","_links":{"self":[{"href":"https:\/\/mislolas.com\/web2\/wp-json\/wp\/v2\/pages\/121","targetHints":{"allow":["GET"]}}],"collection":[{"href":"https:\/\/mislolas.com\/web2\/wp-json\/wp\/v2\/pages"}],"about":[{"href":"https:\/\/mislolas.com\/web2\/wp-json\/wp\/v2\/types\/page"}],"author":[{"embeddable":true,"href":"https:\/\/mislolas.com\/web2\/wp-json\/wp\/v2\/users\/1"}],"replies":[{"embeddable":true,"href":"https:\/\/mislolas.com\/web2\/wp-json\/wp\/v2\/comments?post=121"}],"version-history":[{"count":7,"href":"https:\/\/mislolas.com\/web2\/wp-json\/wp\/v2\/pages\/121\/revisions"}],"predecessor-version":[{"id":239,"href":"https:\/\/mislolas.com\/web2\/wp-json\/wp\/v2\/pages\/121\/revisions\/239"}],"wp:attachment":[{"href":"https:\/\/mislolas.com\/web2\/wp-json\/wp\/v2\/media?parent=121"}],"curies":[{"name":"wp","href":"https:\/\/api.w.org\/{rel}","templated":true}]}}